{"id":307,"date":"2021-12-14T21:04:38","date_gmt":"2021-12-14T21:04:38","guid":{"rendered":"https:\/\/hogar-redes.cl\/?page_id=307"},"modified":"2023-04-19T14:21:26","modified_gmt":"2023-04-19T14:21:26","slug":"como-ayudarnos","status":"publish","type":"page","link":"https:\/\/hogar-redes.cl\/?page_id=307","title":{"rendered":"Como ayudarnos"},"content":{"rendered":"\n<p>El Hogar Redes tiene diferentes formas en las que puedes ayudar y entregar tu aporte:<\/p>\n\n\n\n<p><strong>Voluntariado<\/strong>: A trav\u00e9s de actividades que se puedan realizar con los ni\u00f1os y ni\u00f1as, tanto educativas, como recreativas o tambi\u00e9n asistir para colaborar en las diferentes tareas que podamos necesitar apoyo. Despu\u00e9s de haber pasado lo m\u00e1s complejo de la Pandemia Covid19, gradualmente hemos ido retomando algunas actividades de voluntariado (no masivas), siempre respetando las medidas sanitarias y de cuidado de salud para prevenir contagios hacia los ni\u00f1os y ni\u00f1as de la residencia.<\/p>\n\n\n\n<p><strong>Socios<\/strong>: Aporte voluntario en dinero de forma mensual, de acuerdo a las posibilidades de cada persona, el cual se puede realizar a trav\u00e9s de transferencia electr\u00f3nica o deposito a nuestra cuenta bancaria.<\/p>\n\n\n\n<p><strong>Donaciones<\/strong>: Ya sea en especies, alimentos, ropa, juguetes o lo que desees donar y que pueda servir a nuestra instituci\u00f3n.<\/p>\n\n\n\n<p>Para ayudarnos, completa el <strong><a href=\"https:\/\/hogar-redes.cl\/?page_id=47&amp;preview_id=47\" data-type=\"URL\" data-id=\"https:\/\/hogar-redes.cl\/?page_id=47&amp;preview_id=47\">Formulario de Contacto<\/a><\/strong> y te enviaremos un mensaje para entregarte m\u00e1s informaci\u00f3n y concretar tu aporte.<\/p>\n\n\n\n<p>\u00a1Desde ya agradecemos tu valiosa y desinteresada ayuda!<\/p>\n","protected":false},"excerpt":{"rendered":"<p>El Hogar Redes tiene diferentes formas en las que puedes ayudar y entregar tu aporte: Voluntariado: A trav\u00e9s de actividades que se puedan realizar con los ni\u00f1os y ni\u00f1as, tanto educativas, como recreativas o tambi\u00e9n asistir para colaborar en las diferentes tareas que podamos necesitar apoyo. Despu\u00e9s de haber pasado lo m\u00e1s complejo de la Pandemia Covid19, gradualmente hemos ido retomando algunas actividades de voluntariado (no masivas), siempre respetando las medidas sanitarias y de cuidado de salud para prevenir contagios hacia los ni\u00f1os y ni\u00f1as de la residencia. Socios: Aporte voluntario en dinero de forma mensual, de acuerdo a las posibilidades de cada persona, el cual se puede realizar a trav\u00e9s de transferencia electr\u00f3nica o deposito a nuestra cuenta bancaria. Donaciones: Ya sea en especies, alimentos, ropa, juguetes o lo que desees donar y que pueda servir a nuestra instituci\u00f3n. Para ayudarnos, completa el Formulario de Contacto y te enviaremos un mensaje para entregarte m\u00e1s informaci\u00f3n y concretar tu aporte. \u00a1Desde ya agradecemos tu valiosa y desinteresada ayuda!<\/p>\n","protected":false},"author":1,"featured_media":0,"parent":0,"menu_order":0,"comment_status":"closed","ping_status":"closed","template":"","meta":{"footnotes":""},"class_list":["post-307","page","type-page","status-publish","hentry"],"_links":{"self":[{"href":"https:\/\/hogar-redes.cl\/index.php?rest_route=\/wp\/v2\/pages\/307","targetHints":{"allow":["GET"]}}],"collection":[{"href":"https:\/\/hogar-redes.cl\/index.php?rest_route=\/wp\/v2\/pages"}],"about":[{"href":"https:\/\/hogar-redes.cl\/index.php?rest_route=\/wp\/v2\/types\/page"}],"author":[{"embeddable":true,"href":"https:\/\/hogar-redes.cl\/index.php?rest_route=\/wp\/v2\/users\/1"}],"replies":[{"embeddable":true,"href":"https:\/\/hogar-redes.cl\/index.php?rest_route=%2Fwp%2Fv2%2Fcomments&post=307"}],"version-history":[{"count":6,"href":"https:\/\/hogar-redes.cl\/index.php?rest_route=\/wp\/v2\/pages\/307\/revisions"}],"predecessor-version":[{"id":368,"href":"https:\/\/hogar-redes.cl\/index.php?rest_route=\/wp\/v2\/pages\/307\/revisions\/368"}],"wp:attachment":[{"href":"https:\/\/hogar-redes.cl\/index.php?rest_route=%2Fwp%2Fv2%2Fmedia&parent=307"}],"curies":[{"name":"wp","href":"https:\/\/api.w.org\/{rel}","templated":true}]}}